{"id":15,"date":"2012-11-12T21:58:22","date_gmt":"2012-11-12T21:58:22","guid":{"rendered":"http:\/\/www.lpsarad.ro\/?page_id=15"},"modified":"2025-11-28T08:04:14","modified_gmt":"2025-11-28T06:04:14","slug":"baza-materiala","status":"publish","type":"page","link":"https:\/\/www.lpsarad.ro\/?page_id=15","title":{"rendered":"Baza material\u0103 a \u0219colii"},"content":{"rendered":"\n<p>Liceul cu Program Sportiv Arad:<\/p>\n\n\n\n<ul class=\"wp-block-list\">\n<li>Cl\u0103dire principal\u0103 &#8211; \u00eenv\u0103\u021b\u0103m\u00e2nt liceal &#8211; str. Independen\u021bei, nr. 3<\/li>\n\n\n\n<li>Cl\u0103dire secundar\u0103 &#8211; \u00eenv\u0103\u021b\u0103m\u00e2nt primar \u0219i gimnazial &#8211;&nbsp;str. Independen\u021bei, nr. 3<\/li>\n\n\n\n<li>Cl\u0103dire Gr\u0103dini\u021ba PP4 &#8211; str. Independen\u021bei, nr. 5<\/li>\n\n\n\n<li>Sala de sport &#8211; str. Independen\u021bei, nr. 5c<\/li>\n<\/ul>\n\n\n\n<p><\/p>\n\n\n\n<figure class=\"wp-block-gallery has-nested-images columns-2 is-cropped wp-block-gallery-1 is-layout-flex wp-block-gallery-is-layout-flex\">\n<figure class=\"wp-block-image size-large\"><a href=\"https:\/\/www.lpsarad.ro\/wp-content\/uploads\/2018\/04\/ALps2.jpg\"><img loading=\"lazy\" decoding=\"async\" width=\"1024\" height=\"614\" data-id=\"1242\" src=\"https:\/\/www.lpsarad.ro\/wp-content\/uploads\/2018\/04\/ALps2-1024x614.jpg\" alt=\"\" class=\"wp-image-1242\" srcset=\"https:\/\/www.lpsarad.ro\/wp-content\/uploads\/2018\/04\/ALps2-1024x614.jpg 1024w, https:\/\/www.lpsarad.ro\/wp-content\/uploads\/2018\/04\/ALps2-300x180.jpg 300w, https:\/\/www.lpsarad.ro\/wp-content\/uploads\/2018\/04\/ALps2-768x461.jpg 768w\" sizes=\"auto, (max-width: 1024px) 100vw, 1024px\" \/><\/a><\/figure>\n\n\n\n<figure class=\"wp-block-image size-large\"><a href=\"https:\/\/www.lpsarad.ro\/wp-content\/uploads\/2018\/04\/ALps3.jpg\"><img loading=\"lazy\" decoding=\"async\" width=\"1024\" height=\"614\" data-id=\"1243\" src=\"https:\/\/www.lpsarad.ro\/wp-content\/uploads\/2018\/04\/ALps3-1024x614.jpg\" alt=\"\" class=\"wp-image-1243\" srcset=\"https:\/\/www.lpsarad.ro\/wp-content\/uploads\/2018\/04\/ALps3-1024x614.jpg 1024w, https:\/\/www.lpsarad.ro\/wp-content\/uploads\/2018\/04\/ALps3-300x180.jpg 300w, https:\/\/www.lpsarad.ro\/wp-content\/uploads\/2018\/04\/ALps3-768x461.jpg 768w\" sizes=\"auto, (max-width: 1024px) 100vw, 1024px\" \/><\/a><\/figure>\n\n\n\n<figure class=\"wp-block-image size-large\"><a href=\"https:\/\/www.lpsarad.ro\/wp-content\/uploads\/2018\/04\/ALps6.jpg\"><img loading=\"lazy\" decoding=\"async\" width=\"1024\" height=\"614\" data-id=\"1246\" src=\"https:\/\/www.lpsarad.ro\/wp-content\/uploads\/2018\/04\/ALps6-1024x614.jpg\" alt=\"\" class=\"wp-image-1246\" srcset=\"https:\/\/www.lpsarad.ro\/wp-content\/uploads\/2018\/04\/ALps6-1024x614.jpg 1024w, https:\/\/www.lpsarad.ro\/wp-content\/uploads\/2018\/04\/ALps6-300x180.jpg 300w, https:\/\/www.lpsarad.ro\/wp-content\/uploads\/2018\/04\/ALps6-768x461.jpg 768w\" sizes=\"auto, (max-width: 1024px) 100vw, 1024px\" \/><\/a><\/figure>\n\n\n\n<figure class=\"wp-block-image size-large\"><a href=\"https:\/\/www.lpsarad.ro\/wp-content\/uploads\/2018\/04\/ALps9.jpg\"><img loading=\"lazy\" decoding=\"async\" width=\"1024\" height=\"614\" data-id=\"1249\" src=\"https:\/\/www.lpsarad.ro\/wp-content\/uploads\/2018\/04\/ALps9-1024x614.jpg\" alt=\"\" class=\"wp-image-1249\" srcset=\"https:\/\/www.lpsarad.ro\/wp-content\/uploads\/2018\/04\/ALps9-1024x614.jpg 1024w, https:\/\/www.lpsarad.ro\/wp-content\/uploads\/2018\/04\/ALps9-300x180.jpg 300w, https:\/\/www.lpsarad.ro\/wp-content\/uploads\/2018\/04\/ALps9-768x461.jpg 768w\" sizes=\"auto, (max-width: 1024px) 100vw, 1024px\" \/><\/a><\/figure>\n\n\n\n<figure class=\"wp-block-image size-large\"><a href=\"https:\/\/www.lpsarad.ro\/wp-content\/uploads\/2019\/09\/20190912_153055.jpg\"><img loading=\"lazy\" decoding=\"async\" width=\"1024\" height=\"614\" data-id=\"3148\" src=\"https:\/\/www.lpsarad.ro\/wp-content\/uploads\/2019\/09\/20190912_153055-1024x614.jpg\" alt=\"\" class=\"wp-image-3148\" srcset=\"https:\/\/www.lpsarad.ro\/wp-content\/uploads\/2019\/09\/20190912_153055-1024x614.jpg 1024w, https:\/\/www.lpsarad.ro\/wp-content\/uploads\/2019\/09\/20190912_153055-300x180.jpg 300w, https:\/\/www.lpsarad.ro\/wp-content\/uploads\/2019\/09\/20190912_153055-768x461.jpg 768w\" sizes=\"auto, (max-width: 1024px) 100vw, 1024px\" \/><\/a><\/figure>\n\n\n\n<figure class=\"wp-block-image size-large\"><a href=\"https:\/\/www.lpsarad.ro\/wp-content\/uploads\/2019\/09\/20190916_150459.jpg\"><img loading=\"lazy\" decoding=\"async\" width=\"1024\" height=\"614\" data-id=\"3153\" src=\"https:\/\/www.lpsarad.ro\/wp-content\/uploads\/2019\/09\/20190916_150459-1024x614.jpg\" alt=\"\" class=\"wp-image-3153\" srcset=\"https:\/\/www.lpsarad.ro\/wp-content\/uploads\/2019\/09\/20190916_150459-1024x614.jpg 1024w, https:\/\/www.lpsarad.ro\/wp-content\/uploads\/2019\/09\/20190916_150459-300x180.jpg 300w, https:\/\/www.lpsarad.ro\/wp-content\/uploads\/2019\/09\/20190916_150459-768x461.jpg 768w\" sizes=\"auto, (max-width: 1024px) 100vw, 1024px\" \/><\/a><\/figure>\n\n\n\n<figure class=\"wp-block-image size-large\"><a href=\"https:\/\/www.lpsarad.ro\/wp-content\/uploads\/2019\/09\/hol3.jpg\"><img loading=\"lazy\" decoding=\"async\" width=\"689\" height=\"1021\" data-id=\"3167\" src=\"https:\/\/www.lpsarad.ro\/wp-content\/uploads\/2019\/09\/hol3.jpg\" alt=\"\" class=\"wp-image-3167\" srcset=\"https:\/\/www.lpsarad.ro\/wp-content\/uploads\/2019\/09\/hol3.jpg 689w, https:\/\/www.lpsarad.ro\/wp-content\/uploads\/2019\/09\/hol3-202x300.jpg 202w\" sizes=\"auto, (max-width: 689px) 100vw, 689px\" \/><\/a><\/figure>\n\n\n\n<figure class=\"wp-block-image size-large\"><a href=\"https:\/\/www.lpsarad.ro\/wp-content\/uploads\/2019\/09\/hol2.jpg\"><img loading=\"lazy\" decoding=\"async\" width=\"689\" height=\"1006\" data-id=\"3166\" src=\"https:\/\/www.lpsarad.ro\/wp-content\/uploads\/2019\/09\/hol2.jpg\" alt=\"\" class=\"wp-image-3166\" srcset=\"https:\/\/www.lpsarad.ro\/wp-content\/uploads\/2019\/09\/hol2.jpg 689w, https:\/\/www.lpsarad.ro\/wp-content\/uploads\/2019\/09\/hol2-205x300.jpg 205w\" sizes=\"auto, (max-width: 689px) 100vw, 689px\" \/><\/a><\/figure>\n\n\n\n<figure class=\"wp-block-image size-large\"><a href=\"https:\/\/www.lpsarad.ro\/wp-content\/uploads\/2019\/09\/hol1.jpg\"><img loading=\"lazy\" decoding=\"async\" width=\"689\" height=\"981\" data-id=\"3165\" src=\"https:\/\/www.lpsarad.ro\/wp-content\/uploads\/2019\/09\/hol1.jpg\" alt=\"\" class=\"wp-image-3165\" srcset=\"https:\/\/www.lpsarad.ro\/wp-content\/uploads\/2019\/09\/hol1.jpg 689w, https:\/\/www.lpsarad.ro\/wp-content\/uploads\/2019\/09\/hol1-211x300.jpg 211w\" sizes=\"auto, (max-width: 689px) 100vw, 689px\" \/><\/a><\/figure>\n\n\n\n<figure class=\"wp-block-image size-large\"><a href=\"https:\/\/www.lpsarad.ro\/wp-content\/uploads\/2019\/09\/hol5.jpg\"><img loading=\"lazy\" decoding=\"async\" width=\"689\" height=\"1023\" data-id=\"3169\" src=\"https:\/\/www.lpsarad.ro\/wp-content\/uploads\/2019\/09\/hol5.jpg\" alt=\"\" class=\"wp-image-3169\" srcset=\"https:\/\/www.lpsarad.ro\/wp-content\/uploads\/2019\/09\/hol5.jpg 689w, https:\/\/www.lpsarad.ro\/wp-content\/uploads\/2019\/09\/hol5-202x300.jpg 202w\" sizes=\"auto, (max-width: 689px) 100vw, 689px\" \/><\/a><\/figure>\n\n\n\n<figure class=\"wp-block-image size-large\"><a href=\"https:\/\/www.lpsarad.ro\/wp-content\/uploads\/2019\/09\/hol4.jpg\"><img loading=\"lazy\" decoding=\"async\" width=\"689\" height=\"1020\" data-id=\"3168\" src=\"https:\/\/www.lpsarad.ro\/wp-content\/uploads\/2019\/09\/hol4.jpg\" alt=\"\" class=\"wp-image-3168\" srcset=\"https:\/\/www.lpsarad.ro\/wp-content\/uploads\/2019\/09\/hol4.jpg 689w, https:\/\/www.lpsarad.ro\/wp-content\/uploads\/2019\/09\/hol4-203x300.jpg 203w\" sizes=\"auto, (max-width: 689px) 100vw, 689px\" \/><\/a><\/figure>\n\n\n\n<figure class=\"wp-block-image size-large\"><a href=\"https:\/\/www.lpsarad.ro\/wp-content\/uploads\/2019\/09\/20190912_153410.jpg\"><img loading=\"lazy\" decoding=\"async\" width=\"1024\" height=\"614\" data-id=\"3151\" src=\"https:\/\/www.lpsarad.ro\/wp-content\/uploads\/2019\/09\/20190912_153410-1024x614.jpg\" alt=\"\" class=\"wp-image-3151\" srcset=\"https:\/\/www.lpsarad.ro\/wp-content\/uploads\/2019\/09\/20190912_153410-1024x614.jpg 1024w, https:\/\/www.lpsarad.ro\/wp-content\/uploads\/2019\/09\/20190912_153410-300x180.jpg 300w, https:\/\/www.lpsarad.ro\/wp-content\/uploads\/2019\/09\/20190912_153410-768x461.jpg 768w\" sizes=\"auto, (max-width: 1024px) 100vw, 1024px\" \/><\/a><\/figure>\n\n\n\n<figure class=\"wp-block-image size-large\"><a href=\"https:\/\/www.lpsarad.ro\/wp-content\/uploads\/2019\/09\/20190916_155402.jpg\"><img loading=\"lazy\" decoding=\"async\" width=\"1024\" height=\"614\" data-id=\"3154\" src=\"https:\/\/www.lpsarad.ro\/wp-content\/uploads\/2019\/09\/20190916_155402-1024x614.jpg\" alt=\"\" class=\"wp-image-3154\" srcset=\"https:\/\/www.lpsarad.ro\/wp-content\/uploads\/2019\/09\/20190916_155402-1024x614.jpg 1024w, https:\/\/www.lpsarad.ro\/wp-content\/uploads\/2019\/09\/20190916_155402-300x180.jpg 300w, https:\/\/www.lpsarad.ro\/wp-content\/uploads\/2019\/09\/20190916_155402-768x461.jpg 768w\" sizes=\"auto, (max-width: 1024px) 100vw, 1024px\" \/><\/a><\/figure>\n\n\n\n<figure class=\"wp-block-image size-large\"><a href=\"https:\/\/www.lpsarad.ro\/wp-content\/uploads\/2019\/09\/20190917_133501-1.jpg\"><img loading=\"lazy\" decoding=\"async\" width=\"1024\" height=\"614\" data-id=\"3162\" src=\"https:\/\/www.lpsarad.ro\/wp-content\/uploads\/2019\/09\/20190917_133501-1-1024x614.jpg\" alt=\"\" class=\"wp-image-3162\" srcset=\"https:\/\/www.lpsarad.ro\/wp-content\/uploads\/2019\/09\/20190917_133501-1-1024x614.jpg 1024w, https:\/\/www.lpsarad.ro\/wp-content\/uploads\/2019\/09\/20190917_133501-1-300x180.jpg 300w, https:\/\/www.lpsarad.ro\/wp-content\/uploads\/2019\/09\/20190917_133501-1-768x461.jpg 768w\" sizes=\"auto, (max-width: 1024px) 100vw, 1024px\" \/><\/a><\/figure>\n\n\n\n<figure class=\"wp-block-image size-large\"><a href=\"https:\/\/www.lpsarad.ro\/wp-content\/uploads\/2025\/11\/WhatsApp-Image-2025-11-28-at-07.58.02.jpeg\"><img loading=\"lazy\" decoding=\"async\" width=\"1024\" height=\"768\" data-id=\"5189\" src=\"https:\/\/www.lpsarad.ro\/wp-content\/uploads\/2025\/11\/WhatsApp-Image-2025-11-28-at-07.58.02-1024x768.jpeg\" alt=\"\" class=\"wp-image-5189\" srcset=\"https:\/\/www.lpsarad.ro\/wp-content\/uploads\/2025\/11\/WhatsApp-Image-2025-11-28-at-07.58.02-1024x768.jpeg 1024w, https:\/\/www.lpsarad.ro\/wp-content\/uploads\/2025\/11\/WhatsApp-Image-2025-11-28-at-07.58.02-300x225.jpeg 300w, https:\/\/www.lpsarad.ro\/wp-content\/uploads\/2025\/11\/WhatsApp-Image-2025-11-28-at-07.58.02-768x576.jpeg 768w, https:\/\/www.lpsarad.ro\/wp-content\/uploads\/2025\/11\/WhatsApp-Image-2025-11-28-at-07.58.02-1536x1152.jpeg 1536w, https:\/\/www.lpsarad.ro\/wp-content\/uploads\/2025\/11\/WhatsApp-Image-2025-11-28-at-07.58.02.jpeg 1600w\" sizes=\"auto, (max-width: 1024px) 100vw, 1024px\" \/><\/a><\/figure>\n\n\n\n<figure class=\"wp-block-image size-large\"><a href=\"https:\/\/www.lpsarad.ro\/wp-content\/uploads\/2018\/04\/ALps8.jpg\"><img loading=\"lazy\" decoding=\"async\" width=\"1024\" height=\"614\" data-id=\"1248\" src=\"https:\/\/www.lpsarad.ro\/wp-content\/uploads\/2018\/04\/ALps8-1024x614.jpg\" alt=\"\" class=\"wp-image-1248\" srcset=\"https:\/\/www.lpsarad.ro\/wp-content\/uploads\/2018\/04\/ALps8-1024x614.jpg 1024w, https:\/\/www.lpsarad.ro\/wp-content\/uploads\/2018\/04\/ALps8-300x180.jpg 300w, https:\/\/www.lpsarad.ro\/wp-content\/uploads\/2018\/04\/ALps8-768x461.jpg 768w\" sizes=\"auto, (max-width: 1024px) 100vw, 1024px\" \/><\/a><\/figure>\n\n\n\n<figure class=\"wp-block-image size-large\"><a href=\"https:\/\/www.lpsarad.ro\/wp-content\/uploads\/2018\/04\/ALps11.jpg\"><img loading=\"lazy\" decoding=\"async\" width=\"1024\" height=\"614\" data-id=\"1251\" src=\"https:\/\/www.lpsarad.ro\/wp-content\/uploads\/2018\/04\/ALps11-1024x614.jpg\" alt=\"\" class=\"wp-image-1251\" srcset=\"https:\/\/www.lpsarad.ro\/wp-content\/uploads\/2018\/04\/ALps11-1024x614.jpg 1024w, https:\/\/www.lpsarad.ro\/wp-content\/uploads\/2018\/04\/ALps11-300x180.jpg 300w, https:\/\/www.lpsarad.ro\/wp-content\/uploads\/2018\/04\/ALps11-768x461.jpg 768w\" sizes=\"auto, (max-width: 1024px) 100vw, 1024px\" \/><\/a><\/figure>\n\n\n\n<figure class=\"wp-block-image size-large\"><a href=\"https:\/\/www.lpsarad.ro\/wp-content\/uploads\/2019\/09\/20190912_153158.jpg\"><img loading=\"lazy\" decoding=\"async\" width=\"1024\" height=\"614\" data-id=\"3149\" src=\"https:\/\/www.lpsarad.ro\/wp-content\/uploads\/2019\/09\/20190912_153158-1024x614.jpg\" alt=\"\" class=\"wp-image-3149\" srcset=\"https:\/\/www.lpsarad.ro\/wp-content\/uploads\/2019\/09\/20190912_153158-1024x614.jpg 1024w, https:\/\/www.lpsarad.ro\/wp-content\/uploads\/2019\/09\/20190912_153158-300x180.jpg 300w, https:\/\/www.lpsarad.ro\/wp-content\/uploads\/2019\/09\/20190912_153158-768x461.jpg 768w\" sizes=\"auto, (max-width: 1024px) 100vw, 1024px\" \/><\/a><\/figure>\n\n\n\n<figure class=\"wp-block-image size-large\"><a href=\"https:\/\/www.lpsarad.ro\/wp-content\/uploads\/2018\/04\/ALps5-e1524585703312.jpg\"><img loading=\"lazy\" decoding=\"async\" width=\"614\" height=\"1024\" data-id=\"1245\" src=\"https:\/\/www.lpsarad.ro\/wp-content\/uploads\/2018\/04\/ALps5-e1524585703312-614x1024.jpg\" alt=\"\" class=\"wp-image-1245\" srcset=\"https:\/\/www.lpsarad.ro\/wp-content\/uploads\/2018\/04\/ALps5-e1524585703312-614x1024.jpg 614w, https:\/\/www.lpsarad.ro\/wp-content\/uploads\/2018\/04\/ALps5-e1524585703312-180x300.jpg 180w, https:\/\/www.lpsarad.ro\/wp-content\/uploads\/2018\/04\/ALps5-e1524585703312-768x1280.jpg 768w, https:\/\/www.lpsarad.ro\/wp-content\/uploads\/2018\/04\/ALps5-e1524585703312.jpg 1536w\" sizes=\"auto, (max-width: 614px) 100vw, 614px\" \/><\/a><\/figure>\n\n\n\n<figure class=\"wp-block-image size-large\"><a href=\"https:\/\/www.lpsarad.ro\/wp-content\/uploads\/2018\/04\/ALps10-e1524585690264.jpg\"><img loading=\"lazy\" decoding=\"async\" width=\"614\" height=\"1024\" data-id=\"1250\" src=\"https:\/\/www.lpsarad.ro\/wp-content\/uploads\/2018\/04\/ALps10-e1524585690264-614x1024.jpg\" alt=\"\" class=\"wp-image-1250\" srcset=\"https:\/\/www.lpsarad.ro\/wp-content\/uploads\/2018\/04\/ALps10-e1524585690264-614x1024.jpg 614w, https:\/\/www.lpsarad.ro\/wp-content\/uploads\/2018\/04\/ALps10-e1524585690264-180x300.jpg 180w, https:\/\/www.lpsarad.ro\/wp-content\/uploads\/2018\/04\/ALps10-e1524585690264-768x1280.jpg 768w, https:\/\/www.lpsarad.ro\/wp-content\/uploads\/2018\/04\/ALps10-e1524585690264.jpg 1536w\" sizes=\"auto, (max-width: 614px) 100vw, 614px\" \/><\/a><\/figure>\n\n\n\n<figure class=\"wp-block-image size-large\"><a href=\"https:\/\/www.lpsarad.ro\/wp-content\/uploads\/2018\/04\/ALps4.jpg\"><img loading=\"lazy\" decoding=\"async\" width=\"1024\" height=\"614\" data-id=\"1244\" src=\"https:\/\/www.lpsarad.ro\/wp-content\/uploads\/2018\/04\/ALps4-1024x614.jpg\" alt=\"\" class=\"wp-image-1244\" srcset=\"https:\/\/www.lpsarad.ro\/wp-content\/uploads\/2018\/04\/ALps4-1024x614.jpg 1024w, https:\/\/www.lpsarad.ro\/wp-content\/uploads\/2018\/04\/ALps4-300x180.jpg 300w, https:\/\/www.lpsarad.ro\/wp-content\/uploads\/2018\/04\/ALps4-768x461.jpg 768w\" sizes=\"auto, (max-width: 1024px) 100vw, 1024px\" \/><\/a><\/figure>\n\n\n\n<figure class=\"wp-block-image size-large\"><a href=\"https:\/\/www.lpsarad.ro\/wp-content\/uploads\/2019\/09\/20190912_152936.jpg\"><img loading=\"lazy\" decoding=\"async\" width=\"1024\" height=\"614\" data-id=\"3147\" src=\"https:\/\/www.lpsarad.ro\/wp-content\/uploads\/2019\/09\/20190912_152936-1024x614.jpg\" alt=\"\" class=\"wp-image-3147\" srcset=\"https:\/\/www.lpsarad.ro\/wp-content\/uploads\/2019\/09\/20190912_152936-1024x614.jpg 1024w, https:\/\/www.lpsarad.ro\/wp-content\/uploads\/2019\/09\/20190912_152936-300x180.jpg 300w, https:\/\/www.lpsarad.ro\/wp-content\/uploads\/2019\/09\/20190912_152936-768x461.jpg 768w\" sizes=\"auto, (max-width: 1024px) 100vw, 1024px\" \/><\/a><\/figure>\n<\/figure>\n","protected":false},"excerpt":{"rendered":"<p>Liceul cu Program Sportiv Arad:<\/p>\n","protected":false},"author":1,"featured_media":0,"parent":0,"menu_order":15,"comment_status":"closed","ping_status":"closed","template":"","meta":{"footnotes":""},"class_list":["post-15","page","type-page","status-publish","hentry"],"_links":{"self":[{"href":"https:\/\/www.lpsarad.ro\/index.php?rest_route=\/wp\/v2\/pages\/15","targetHints":{"allow":["GET"]}}],"collection":[{"href":"https:\/\/www.lpsarad.ro\/index.php?rest_route=\/wp\/v2\/pages"}],"about":[{"href":"https:\/\/www.lpsarad.ro\/index.php?rest_route=\/wp\/v2\/types\/page"}],"author":[{"embeddable":true,"href":"https:\/\/www.lpsarad.ro\/index.php?rest_route=\/wp\/v2\/users\/1"}],"replies":[{"embeddable":true,"href":"https:\/\/www.lpsarad.ro\/index.php?rest_route=%2Fwp%2Fv2%2Fcomments&post=15"}],"version-history":[{"count":26,"href":"https:\/\/www.lpsarad.ro\/index.php?rest_route=\/wp\/v2\/pages\/15\/revisions"}],"predecessor-version":[{"id":5191,"href":"https:\/\/www.lpsarad.ro\/index.php?rest_route=\/wp\/v2\/pages\/15\/revisions\/5191"}],"wp:attachment":[{"href":"https:\/\/www.lpsarad.ro\/index.php?rest_route=%2Fwp%2Fv2%2Fmedia&parent=15"}],"curies":[{"name":"wp","href":"https:\/\/api.w.org\/{rel}","templated":true}]}}