{"id":4812,"date":"2024-11-12T14:44:44","date_gmt":"2024-11-12T12:44:44","guid":{"rendered":"https:\/\/www.lpsarad.ro\/?page_id=4812"},"modified":"2026-04-23T09:43:14","modified_gmt":"2026-04-23T06:43:14","slug":"activitati-extrascolare","status":"publish","type":"page","link":"https:\/\/www.lpsarad.ro\/?page_id=4812","title":{"rendered":"Activit\u0103\u021bi extra\u0219colare"},"content":{"rendered":"\n<p><strong>Ziua P\u0103m\u00e2ntului 2026<\/strong><\/p>\n\n\n\n<p>De Ziua P\u0103m\u00e2ntului &#x1f30d;, elevii din ciclul primar au participat la o activitate educativ\u0103 special\u0103, vizion\u00e2nd o proiec\u021bie tematic\u0103 la Planetariu &#x2728;. Experien\u021ba le-a oferit ocazia de a descoperi frumuse\u021bea Universului &#x1f30c; \u0219i importan\u021ba protej\u0103rii planetei noastre &#x1f49a;.<\/p>\n\n\n\n<figure class=\"wp-block-video\"><video height=\"850\" style=\"aspect-ratio: 478 \/ 850;\" width=\"478\" controls src=\"https:\/\/www.lpsarad.ro\/wp-content\/uploads\/2026\/04\/WhatsApp-Video-2026-04-23-at-09.02.30.mp4\"><\/video><\/figure>\n\n\n\n<hr class=\"wp-block-separator has-alpha-channel-opacity is-style-wide\"\/>\n\n\n\n<figure class=\"wp-block-video\"><video height=\"636\" style=\"aspect-ratio: 848 \/ 636;\" width=\"848\" controls src=\"https:\/\/www.lpsarad.ro\/wp-content\/uploads\/2024\/12\/Carnavalul-toameni.mp4\"><\/video><\/figure>\n\n\n\n<hr class=\"wp-block-separator has-alpha-channel-opacity is-style-wide\"\/>\n\n\n\n<figure class=\"wp-block-video alignleft\"><video height=\"478\" style=\"aspect-ratio: 848 \/ 478;\" width=\"848\" controls src=\"https:\/\/www.lpsarad.ro\/wp-content\/uploads\/2024\/12\/Sezatoare-de-Sf-Andrei.mp4\"><\/video><\/figure>\n","protected":false},"excerpt":{"rendered":"<p>Ziua P\u0103m\u00e2ntului 2026 De Ziua P\u0103m\u00e2ntului &#x1f30d;, elevii din ciclul primar au participat la o activitate educativ\u0103 special\u0103, vizion\u00e2nd o proiec\u021bie tematic\u0103 la Planetariu &#x2728;. Experien\u021ba le-a oferit ocazia de a descoperi frumuse\u021bea Universului &#x1f30c; \u0219i importan\u021ba protej\u0103rii planetei noastre &hellip; <a href=\"https:\/\/www.lpsarad.ro\/?page_id=4812\">Continu\u0103 s\u0103 cite\u0219ti <span class=\"meta-nav\">&rarr;<\/span><\/a><\/p>\n","protected":false},"author":1,"featured_media":0,"parent":0,"menu_order":17,"comment_status":"closed","ping_status":"closed","template":"","meta":{"footnotes":""},"class_list":["post-4812","page","type-page","status-publish","hentry"],"_links":{"self":[{"href":"https:\/\/www.lpsarad.ro\/index.php?rest_route=\/wp\/v2\/pages\/4812","targetHints":{"allow":["GET"]}}],"collection":[{"href":"https:\/\/www.lpsarad.ro\/index.php?rest_route=\/wp\/v2\/pages"}],"about":[{"href":"https:\/\/www.lpsarad.ro\/index.php?rest_route=\/wp\/v2\/types\/page"}],"author":[{"embeddable":true,"href":"https:\/\/www.lpsarad.ro\/index.php?rest_route=\/wp\/v2\/users\/1"}],"replies":[{"embeddable":true,"href":"https:\/\/www.lpsarad.ro\/index.php?rest_route=%2Fwp%2Fv2%2Fcomments&post=4812"}],"version-history":[{"count":8,"href":"https:\/\/www.lpsarad.ro\/index.php?rest_route=\/wp\/v2\/pages\/4812\/revisions"}],"predecessor-version":[{"id":5409,"href":"https:\/\/www.lpsarad.ro\/index.php?rest_route=\/wp\/v2\/pages\/4812\/revisions\/5409"}],"wp:attachment":[{"href":"https:\/\/www.lpsarad.ro\/index.php?rest_route=%2Fwp%2Fv2%2Fmedia&parent=4812"}],"curies":[{"name":"wp","href":"https:\/\/api.w.org\/{rel}","templated":true}]}}