{"id":4815,"date":"2024-11-12T14:47:14","date_gmt":"2024-11-12T12:47:14","guid":{"rendered":"https:\/\/www.lpsarad.ro\/?page_id=4815"},"modified":"2026-04-23T09:12:34","modified_gmt":"2026-04-23T06:12:34","slug":"rezultate-cu-care-ne-mandrim","status":"publish","type":"page","link":"https:\/\/www.lpsarad.ro\/?page_id=4815","title":{"rendered":"Rezultate cu care ne m\u00e2ndrim"},"content":{"rendered":"\n<p><strong>ONS\u0218 Fotbal U18 \u2013 etapa zonal\u0103 2025-2026<\/strong><\/p>\n\n\n\n<p>Echipa de fotbal U18, preg\u0103tit\u0103 de prof. Mercea Adela, s-a calificat la faza na\u021bional\u0103 a Olimpiadei Na\u021bionale a Sportului \u0218colar. Felicit\u0103ri echipei \u0219i doamnei profesor!<\/p>\n\n\n\n<figure class=\"wp-block-image size-large\"><a href=\"https:\/\/www.lpsarad.ro\/wp-content\/uploads\/2026\/04\/IMG-FotbalU18-22.04.2026.jpg\" target=\"_blank\" rel=\" noreferrer noopener\"><img loading=\"lazy\" decoding=\"async\" width=\"1024\" height=\"660\" src=\"https:\/\/www.lpsarad.ro\/wp-content\/uploads\/2026\/04\/IMG-FotbalU18-22.04.2026-1024x660.jpg\" alt=\"\" class=\"wp-image-5400\" srcset=\"https:\/\/www.lpsarad.ro\/wp-content\/uploads\/2026\/04\/IMG-FotbalU18-22.04.2026-1024x660.jpg 1024w, https:\/\/www.lpsarad.ro\/wp-content\/uploads\/2026\/04\/IMG-FotbalU18-22.04.2026-300x194.jpg 300w, https:\/\/www.lpsarad.ro\/wp-content\/uploads\/2026\/04\/IMG-FotbalU18-22.04.2026-768x495.jpg 768w, https:\/\/www.lpsarad.ro\/wp-content\/uploads\/2026\/04\/IMG-FotbalU18-22.04.2026.jpg 1200w\" sizes=\"auto, (max-width: 1024px) 100vw, 1024px\" \/><\/a><\/figure>\n\n\n\n<hr class=\"wp-block-separator has-alpha-channel-opacity is-style-wide\"\/>\n\n\n\n<p><strong>Petrovici Ionatan &#8211; Vicecampion na\u021bional \u0219colar la disciplina Lupte, categoria 71 kg, \u00een anul \u0219colar 2025-2026<\/strong><\/p>\n\n\n\n<figure class=\"wp-block-gallery has-nested-images columns-default is-cropped wp-block-gallery-1 is-layout-flex wp-block-gallery-is-layout-flex\">\n<figure class=\"wp-block-image size-large\"><a href=\"https:\/\/www.lpsarad.ro\/wp-content\/uploads\/2026\/04\/658209760_1264221662538127_7381146721319839578_n.jpg\" target=\"_blank\" rel=\" noreferrer noopener\"><img loading=\"lazy\" decoding=\"async\" width=\"698\" height=\"1024\" data-id=\"5385\" src=\"https:\/\/www.lpsarad.ro\/wp-content\/uploads\/2026\/04\/658209760_1264221662538127_7381146721319839578_n-698x1024.jpg\" alt=\"\" class=\"wp-image-5385\" srcset=\"https:\/\/www.lpsarad.ro\/wp-content\/uploads\/2026\/04\/658209760_1264221662538127_7381146721319839578_n-698x1024.jpg 698w, https:\/\/www.lpsarad.ro\/wp-content\/uploads\/2026\/04\/658209760_1264221662538127_7381146721319839578_n-205x300.jpg 205w, https:\/\/www.lpsarad.ro\/wp-content\/uploads\/2026\/04\/658209760_1264221662538127_7381146721319839578_n-768x1126.jpg 768w, https:\/\/www.lpsarad.ro\/wp-content\/uploads\/2026\/04\/658209760_1264221662538127_7381146721319839578_n-1047x1536.jpg 1047w, https:\/\/www.lpsarad.ro\/wp-content\/uploads\/2026\/04\/658209760_1264221662538127_7381146721319839578_n.jpg 1220w\" sizes=\"auto, (max-width: 698px) 100vw, 698px\" \/><\/a><\/figure>\n\n\n\n<figure class=\"wp-block-image size-large\"><a href=\"https:\/\/www.lpsarad.ro\/wp-content\/uploads\/2026\/04\/659148147_1264221735871453_2934178040532546420_n.jpg\" target=\"_blank\" rel=\" noreferrer noopener\"><img loading=\"lazy\" decoding=\"async\" width=\"572\" height=\"1024\" data-id=\"5387\" src=\"https:\/\/www.lpsarad.ro\/wp-content\/uploads\/2026\/04\/659148147_1264221735871453_2934178040532546420_n-572x1024.jpg\" alt=\"\" class=\"wp-image-5387\" srcset=\"https:\/\/www.lpsarad.ro\/wp-content\/uploads\/2026\/04\/659148147_1264221735871453_2934178040532546420_n-572x1024.jpg 572w, https:\/\/www.lpsarad.ro\/wp-content\/uploads\/2026\/04\/659148147_1264221735871453_2934178040532546420_n-168x300.jpg 168w, https:\/\/www.lpsarad.ro\/wp-content\/uploads\/2026\/04\/659148147_1264221735871453_2934178040532546420_n-768x1375.jpg 768w, https:\/\/www.lpsarad.ro\/wp-content\/uploads\/2026\/04\/659148147_1264221735871453_2934178040532546420_n-858x1536.jpg 858w, https:\/\/www.lpsarad.ro\/wp-content\/uploads\/2026\/04\/659148147_1264221735871453_2934178040532546420_n.jpg 1144w\" sizes=\"auto, (max-width: 572px) 100vw, 572px\" \/><\/a><\/figure>\n\n\n\n<figure class=\"wp-block-image size-large\"><a href=\"https:\/\/www.lpsarad.ro\/wp-content\/uploads\/2026\/04\/659772067_1264221805871446_8321574201668207179_n.jpg\" target=\"_blank\" rel=\" noreferrer noopener\"><img loading=\"lazy\" decoding=\"async\" width=\"616\" height=\"1024\" data-id=\"5386\" src=\"https:\/\/www.lpsarad.ro\/wp-content\/uploads\/2026\/04\/659772067_1264221805871446_8321574201668207179_n-616x1024.jpg\" alt=\"\" class=\"wp-image-5386\" srcset=\"https:\/\/www.lpsarad.ro\/wp-content\/uploads\/2026\/04\/659772067_1264221805871446_8321574201668207179_n-616x1024.jpg 616w, https:\/\/www.lpsarad.ro\/wp-content\/uploads\/2026\/04\/659772067_1264221805871446_8321574201668207179_n-181x300.jpg 181w, https:\/\/www.lpsarad.ro\/wp-content\/uploads\/2026\/04\/659772067_1264221805871446_8321574201668207179_n-768x1276.jpg 768w, https:\/\/www.lpsarad.ro\/wp-content\/uploads\/2026\/04\/659772067_1264221805871446_8321574201668207179_n.jpg 905w\" sizes=\"auto, (max-width: 616px) 100vw, 616px\" \/><\/a><\/figure>\n<\/figure>\n\n\n\n<hr class=\"wp-block-separator has-alpha-channel-opacity is-style-wide\"\/>\n\n\n\n<p><strong>Concurs Pentatlon Liceu<\/strong><\/p>\n\n\n\n<p>Elevul Igre\u021b Leonardo-Vasile din clasa a XII-a A \u2013 locul I la concursul Pentatlon Liceu, an \u0219colar 2025-2026.<\/p>\n\n\n\n<figure class=\"wp-block-image size-large\"><a href=\"https:\/\/www.lpsarad.ro\/wp-content\/uploads\/2026\/03\/Igret-Leonardo-pentatlon.jpg\" target=\"_blank\" rel=\" noreferrer noopener\"><img loading=\"lazy\" decoding=\"async\" width=\"992\" height=\"1024\" src=\"https:\/\/www.lpsarad.ro\/wp-content\/uploads\/2026\/03\/Igret-Leonardo-pentatlon-992x1024.jpg\" alt=\"\" class=\"wp-image-5367\" srcset=\"https:\/\/www.lpsarad.ro\/wp-content\/uploads\/2026\/03\/Igret-Leonardo-pentatlon-992x1024.jpg 992w, https:\/\/www.lpsarad.ro\/wp-content\/uploads\/2026\/03\/Igret-Leonardo-pentatlon-291x300.jpg 291w, https:\/\/www.lpsarad.ro\/wp-content\/uploads\/2026\/03\/Igret-Leonardo-pentatlon-768x793.jpg 768w, https:\/\/www.lpsarad.ro\/wp-content\/uploads\/2026\/03\/Igret-Leonardo-pentatlon-1487x1536.jpg 1487w, https:\/\/www.lpsarad.ro\/wp-content\/uploads\/2026\/03\/Igret-Leonardo-pentatlon.jpg 1531w\" sizes=\"auto, (max-width: 992px) 100vw, 992px\" \/><\/a><\/figure>\n\n\n\n<hr class=\"wp-block-separator has-alpha-channel-opacity is-style-wide\"\/>\n\n\n\n<p><strong>\u201eFluierul care schimb\u0103 jocul\u201d \u2013 Premiul I<\/strong><\/p>\n\n\n\n<p>Liceul cu Program Sportiv Arad a ob\u021binut Premiul I \u00een cadrul proiectului jude\u021bean de prevenire a traficului \u0219i consumului de droguri \u201eRenun\u021b\u0103 la iluzii, nu la viitor!\u201d, la sec\u021biunea scurtmetraje, anul \u0219colar 2025-2026.<\/p>\n\n\n\n<p>Felicit\u0103ri copiilor \u0219i cadrelor didactice implicate!<\/p>\n\n\n\n<figure class=\"wp-block-video\"><video height=\"480\" style=\"aspect-ratio: 608 \/ 480;\" width=\"608\" controls src=\"https:\/\/www.lpsarad.ro\/wp-content\/uploads\/2026\/03\/WhatsApp-Video-2026-03-23-at-13.09.08.mp4\"><\/video><\/figure>\n\n\n\n<hr class=\"wp-block-separator has-alpha-channel-opacity is-style-wide\"\/>\n\n\n\n<p>Echipa de handbal b\u0103ie\u021bi a Liceului cu Program Sportiv Arad s-a calificat la faza zonal\u0103 a ONS\u0218 2025-2026!<\/p>\n\n\n\n<figure class=\"wp-block-image size-large\"><a href=\"https:\/\/www.lpsarad.ro\/wp-content\/uploads\/2025\/12\/313463256232135.jpg\" target=\"_blank\" rel=\" noreferrer noopener\"><img loading=\"lazy\" decoding=\"async\" width=\"1024\" height=\"797\" src=\"https:\/\/www.lpsarad.ro\/wp-content\/uploads\/2025\/12\/313463256232135-1024x797.jpg\" alt=\"\" class=\"wp-image-5213\" srcset=\"https:\/\/www.lpsarad.ro\/wp-content\/uploads\/2025\/12\/313463256232135-1024x797.jpg 1024w, https:\/\/www.lpsarad.ro\/wp-content\/uploads\/2025\/12\/313463256232135-300x234.jpg 300w, https:\/\/www.lpsarad.ro\/wp-content\/uploads\/2025\/12\/313463256232135-768x598.jpg 768w, https:\/\/www.lpsarad.ro\/wp-content\/uploads\/2025\/12\/313463256232135.jpg 1536w\" sizes=\"auto, (max-width: 1024px) 100vw, 1024px\" \/><\/a><\/figure>\n\n\n\n<hr class=\"wp-block-separator has-alpha-channel-opacity is-style-wide\"\/>\n\n\n\n<p>Echipa de fotbal U16 a Liceului cu Program Sportiv Arad s-a calificat la faza zonal\u0103 a ONS\u0218 2025-2026!<\/p>\n\n\n\n<figure class=\"wp-block-image size-large\"><a href=\"https:\/\/www.lpsarad.ro\/wp-content\/uploads\/2025\/12\/596803938_1177385024555125_7576968233685280584_n.jpg\" target=\"_blank\" rel=\" noreferrer noopener\"><img loading=\"lazy\" decoding=\"async\" width=\"1024\" height=\"768\" src=\"https:\/\/www.lpsarad.ro\/wp-content\/uploads\/2025\/12\/596803938_1177385024555125_7576968233685280584_n-1024x768.jpg\" alt=\"\" class=\"wp-image-5205\" srcset=\"https:\/\/www.lpsarad.ro\/wp-content\/uploads\/2025\/12\/596803938_1177385024555125_7576968233685280584_n-1024x768.jpg 1024w, https:\/\/www.lpsarad.ro\/wp-content\/uploads\/2025\/12\/596803938_1177385024555125_7576968233685280584_n-300x225.jpg 300w, https:\/\/www.lpsarad.ro\/wp-content\/uploads\/2025\/12\/596803938_1177385024555125_7576968233685280584_n-768x576.jpg 768w, https:\/\/www.lpsarad.ro\/wp-content\/uploads\/2025\/12\/596803938_1177385024555125_7576968233685280584_n-1536x1152.jpg 1536w, https:\/\/www.lpsarad.ro\/wp-content\/uploads\/2025\/12\/596803938_1177385024555125_7576968233685280584_n.jpg 2048w\" sizes=\"auto, (max-width: 1024px) 100vw, 1024px\" \/><\/a><\/figure>\n\n\n\n<hr class=\"wp-block-separator has-alpha-channel-opacity is-style-wide\"\/>\n\n\n\n<p>Echipa de handbal feminin a Liceului cu Program Sportiv Arad s-a calificat la faza zonal\u0103 a ONS\u0218 2025-2026!<\/p>\n\n\n\n<figure class=\"wp-block-image size-large\"><a href=\"https:\/\/www.lpsarad.ro\/wp-content\/uploads\/2025\/12\/596598882_1177382891222005_8296779055341565878_n.jpg\" target=\"_blank\" rel=\" noreferrer noopener\"><img loading=\"lazy\" decoding=\"async\" width=\"1024\" height=\"768\" src=\"https:\/\/www.lpsarad.ro\/wp-content\/uploads\/2025\/12\/596598882_1177382891222005_8296779055341565878_n-1024x768.jpg\" alt=\"\" class=\"wp-image-5202\" srcset=\"https:\/\/www.lpsarad.ro\/wp-content\/uploads\/2025\/12\/596598882_1177382891222005_8296779055341565878_n-1024x768.jpg 1024w, https:\/\/www.lpsarad.ro\/wp-content\/uploads\/2025\/12\/596598882_1177382891222005_8296779055341565878_n-300x225.jpg 300w, https:\/\/www.lpsarad.ro\/wp-content\/uploads\/2025\/12\/596598882_1177382891222005_8296779055341565878_n-768x576.jpg 768w, https:\/\/www.lpsarad.ro\/wp-content\/uploads\/2025\/12\/596598882_1177382891222005_8296779055341565878_n-1536x1152.jpg 1536w, https:\/\/www.lpsarad.ro\/wp-content\/uploads\/2025\/12\/596598882_1177382891222005_8296779055341565878_n.jpg 2048w\" sizes=\"auto, (max-width: 1024px) 100vw, 1024px\" \/><\/a><\/figure>\n\n\n\n<hr class=\"wp-block-separator has-alpha-channel-opacity is-style-wide\"\/>\n\n\n\n<p>Echipa Liceului cu Program Sportiv Arad a ob\u021binut locul 1 la fotbal, la Etapa Jude\u021bean\u0103 ONSS 2025-2026! 2 elevi au fost distin\u0219i cu premii speciale. Berar David a luat premiul special pentru cel mai bun golgheter, iar Rusu Robert pentru cel mai bun portar.<\/p>\n\n\n\n<figure class=\"wp-block-gallery has-nested-images columns-default is-cropped wp-block-gallery-2 is-layout-flex wp-block-gallery-is-layout-flex\">\n<figure class=\"wp-block-image size-large\"><a href=\"https:\/\/www.lpsarad.ro\/wp-content\/uploads\/2025\/11\/588934068_1166549022305392_3046269666968674035_n.jpg\" target=\"_blank\" rel=\" noreferrer noopener\"><img loading=\"lazy\" decoding=\"async\" width=\"1024\" height=\"969\" data-id=\"5177\" src=\"https:\/\/www.lpsarad.ro\/wp-content\/uploads\/2025\/11\/588934068_1166549022305392_3046269666968674035_n-1024x969.jpg\" alt=\"\" class=\"wp-image-5177\" srcset=\"https:\/\/www.lpsarad.ro\/wp-content\/uploads\/2025\/11\/588934068_1166549022305392_3046269666968674035_n-1024x969.jpg 1024w, https:\/\/www.lpsarad.ro\/wp-content\/uploads\/2025\/11\/588934068_1166549022305392_3046269666968674035_n-300x284.jpg 300w, https:\/\/www.lpsarad.ro\/wp-content\/uploads\/2025\/11\/588934068_1166549022305392_3046269666968674035_n-768x727.jpg 768w, https:\/\/www.lpsarad.ro\/wp-content\/uploads\/2025\/11\/588934068_1166549022305392_3046269666968674035_n.jpg 1536w\" sizes=\"auto, (max-width: 1024px) 100vw, 1024px\" \/><\/a><\/figure>\n\n\n\n<figure class=\"wp-block-image size-large\"><a href=\"https:\/\/www.lpsarad.ro\/wp-content\/uploads\/2025\/11\/588683645_1166949412265353_3753927335735696696_n.jpg\" target=\"_blank\" rel=\" noreferrer noopener\"><img loading=\"lazy\" decoding=\"async\" width=\"1024\" height=\"768\" data-id=\"5176\" src=\"https:\/\/www.lpsarad.ro\/wp-content\/uploads\/2025\/11\/588683645_1166949412265353_3753927335735696696_n-1024x768.jpg\" alt=\"\" class=\"wp-image-5176\" srcset=\"https:\/\/www.lpsarad.ro\/wp-content\/uploads\/2025\/11\/588683645_1166949412265353_3753927335735696696_n-1024x768.jpg 1024w, https:\/\/www.lpsarad.ro\/wp-content\/uploads\/2025\/11\/588683645_1166949412265353_3753927335735696696_n-300x225.jpg 300w, https:\/\/www.lpsarad.ro\/wp-content\/uploads\/2025\/11\/588683645_1166949412265353_3753927335735696696_n-768x576.jpg 768w, https:\/\/www.lpsarad.ro\/wp-content\/uploads\/2025\/11\/588683645_1166949412265353_3753927335735696696_n-1536x1152.jpg 1536w, https:\/\/www.lpsarad.ro\/wp-content\/uploads\/2025\/11\/588683645_1166949412265353_3753927335735696696_n.jpg 2048w\" sizes=\"auto, (max-width: 1024px) 100vw, 1024px\" \/><\/a><\/figure>\n<\/figure>\n\n\n\n<hr class=\"wp-block-separator has-alpha-channel-opacity is-style-wide\"\/>\n\n\n\n<p>La Balul Comunit\u0103\u021bii Ar\u0103dene din 25.10.2025 a fost premiat unul dintre elevii liceului nostru din clasa a XI-a C, Mercea David, ob\u021bin\u00e2nd locul 3 la Campionatul Mondial \u0218colar din Bahrain la judo \u0219i component al lotului na\u021bional al Rom\u00e2niei<\/p>\n\n\n\n<figure class=\"wp-block-image size-large\"><a href=\"https:\/\/www.lpsarad.ro\/wp-content\/uploads\/2025\/11\/576850314_1150847703875524_8064513663589421107_n.jpg\"><img loading=\"lazy\" decoding=\"async\" width=\"889\" height=\"1024\" src=\"https:\/\/www.lpsarad.ro\/wp-content\/uploads\/2025\/11\/576850314_1150847703875524_8064513663589421107_n-889x1024.jpg\" alt=\"\" class=\"wp-image-5119\" srcset=\"https:\/\/www.lpsarad.ro\/wp-content\/uploads\/2025\/11\/576850314_1150847703875524_8064513663589421107_n-889x1024.jpg 889w, https:\/\/www.lpsarad.ro\/wp-content\/uploads\/2025\/11\/576850314_1150847703875524_8064513663589421107_n-260x300.jpg 260w, https:\/\/www.lpsarad.ro\/wp-content\/uploads\/2025\/11\/576850314_1150847703875524_8064513663589421107_n-768x885.jpg 768w, https:\/\/www.lpsarad.ro\/wp-content\/uploads\/2025\/11\/576850314_1150847703875524_8064513663589421107_n-1334x1536.jpg 1334w, https:\/\/www.lpsarad.ro\/wp-content\/uploads\/2025\/11\/576850314_1150847703875524_8064513663589421107_n.jpg 1778w\" sizes=\"auto, (max-width: 889px) 100vw, 889px\" \/><\/a><\/figure>\n\n\n\n<hr class=\"wp-block-separator has-alpha-channel-opacity is-style-wide\"\/>\n\n\n\n<p>&#x1f3d3;&#x1f3d3;Locul 2 pe jude\u021b programul na\u021bional \u201cCampioni \u00een \u0219coal\u0103 \u201c, tenis de mas\u0103:&#x1f948;&#x1f3d3;Sferlea Alesia, clasa a XI-a B&#x1f948;&#x1f3d3;Varga Florin, clasa a XII-a A<\/p>\n\n\n\n<figure class=\"wp-block-gallery has-nested-images columns-default is-cropped wp-block-gallery-3 is-layout-flex wp-block-gallery-is-layout-flex\">\n<figure class=\"wp-block-image size-large\"><a href=\"https:\/\/www.lpsarad.ro\/wp-content\/uploads\/2024\/12\/1000037119-1.jpg\"><img loading=\"lazy\" decoding=\"async\" width=\"1024\" height=\"768\" data-id=\"4850\" src=\"https:\/\/www.lpsarad.ro\/wp-content\/uploads\/2024\/12\/1000037119-1-1024x768.jpg\" alt=\"\" class=\"wp-image-4850\" srcset=\"https:\/\/www.lpsarad.ro\/wp-content\/uploads\/2024\/12\/1000037119-1-1024x768.jpg 1024w, https:\/\/www.lpsarad.ro\/wp-content\/uploads\/2024\/12\/1000037119-1-300x225.jpg 300w, https:\/\/www.lpsarad.ro\/wp-content\/uploads\/2024\/12\/1000037119-1-768x576.jpg 768w, https:\/\/www.lpsarad.ro\/wp-content\/uploads\/2024\/12\/1000037119-1-1536x1152.jpg 1536w, https:\/\/www.lpsarad.ro\/wp-content\/uploads\/2024\/12\/1000037119-1.jpg 2048w\" sizes=\"auto, (max-width: 1024px) 100vw, 1024px\" \/><\/a><\/figure>\n<\/figure>\n\n\n\n<hr class=\"wp-block-separator has-alpha-channel-opacity is-style-wide\"\/>\n\n\n\n<p>&#x1f3d3; ONSS tenis de mas\u0103 individual, masculin si feminin, liceu:Locul 4&#xfe0f;&#x20e3;: Varga Florin, clasa a XII-a A Locul 1&#xfe0f;&#x20e3;: Sferlea Alessia, clasa a XI-a B<\/p>\n\n\n\n<figure class=\"wp-block-gallery has-nested-images columns-default is-cropped wp-block-gallery-4 is-layout-flex wp-block-gallery-is-layout-flex\">\n<figure class=\"wp-block-image size-large\"><a href=\"https:\/\/www.lpsarad.ro\/wp-content\/uploads\/2024\/12\/1000037117.jpg\"><img loading=\"lazy\" decoding=\"async\" width=\"768\" height=\"1024\" data-id=\"4845\" src=\"https:\/\/www.lpsarad.ro\/wp-content\/uploads\/2024\/12\/1000037117-768x1024.jpg\" alt=\"\" class=\"wp-image-4845\" srcset=\"https:\/\/www.lpsarad.ro\/wp-content\/uploads\/2024\/12\/1000037117-768x1024.jpg 768w, https:\/\/www.lpsarad.ro\/wp-content\/uploads\/2024\/12\/1000037117-225x300.jpg 225w, https:\/\/www.lpsarad.ro\/wp-content\/uploads\/2024\/12\/1000037117-1152x1536.jpg 1152w, https:\/\/www.lpsarad.ro\/wp-content\/uploads\/2024\/12\/1000037117.jpg 1536w\" sizes=\"auto, (max-width: 768px) 100vw, 768px\" \/><\/a><\/figure>\n<\/figure>\n\n\n\n<hr class=\"wp-block-separator has-alpha-channel-opacity is-style-wide\"\/>\n\n\n\n<p>&#x1f3c3;&#x200d;&#x2642;&#xfe0f;Ast\u0103zi, 8 noiembrie 2024, a avut loc Olimpiada Na\u021bional\u0103 a Sportului \u0218colar la cros individual gimnaziu \u0219i liceu, etapa jude\u021bean\u0103.<br \/>&#x1f3c1;La start s-au aliniat cei mai buni concuren\u021bi din jude\u021b.<br \/>&#x1f44f;Felicit\u0103ri elevilor pentru curajul, determinarea \u0219i ambi\u021bia de care au dat dovad\u0103 \u00een aceast\u0103 \u00eentrecere, \u0219i pentru perseveren\u021ba \u0219i efortul depus \u00een preg\u0103tire.<br \/>,,C\u00e2\u0219tig\u0103 daca po\u021bi, pierde dac\u0103 trebuie, dar nu renun\u021ba niciodat\u0103.\u201d \u2013 Cameron Trammel<br \/>&#x2705;Rezultate ONSS, Cros, gimnaziu \u2013b\u0103ie\u021bi, 1000 m:<br \/>&#x1f947;Locul 1 : Remetea Vlad, clasa a VIII-a A, prof. Tulescu Alexandru<br \/>&#x1f948;Locul 2 : Grec Marian, clasa a VIII-a A, prof. Tulescu Alexandru<br \/>&#x2705;Rezultate ONSS, Cros,liceu:<br \/>&#x1f3c3;&#x200d;&#x2642;&#xfe0f;B\u0103ie\u021bi 2000 m:<br \/>&#x1f4aa;D\u00e2rlea Ramon, clasa a XI-a A, locul 9, prof. Sp\u00e2nul Decebal<br \/>&#x1f3c3;&#x200d;&#x2640;&#xfe0f;Fete 1500 m:<br \/>&#x1f4aa;Ana Maria Gl\u0103van, clasa a X-a C, locul 7, prof. Sp\u00e2nul Decebal<br \/>&#x1f4aa;Daria Moldovan, clasa a IX-a A, locul 6, prof. Tulescu Alexandru<br \/>&#x1f389;Felicit\u0103ri elevilor \u0219i dlor profesori!<\/p>\n\n\n\n<figure class=\"wp-block-image size-large\"><a href=\"https:\/\/www.lpsarad.ro\/wp-content\/uploads\/2024\/11\/CROS-2.jpg\"><img loading=\"lazy\" decoding=\"async\" width=\"1024\" height=\"768\" src=\"https:\/\/www.lpsarad.ro\/wp-content\/uploads\/2024\/11\/CROS-2-1024x768.jpg\" alt=\"\" class=\"wp-image-4824\" srcset=\"https:\/\/www.lpsarad.ro\/wp-content\/uploads\/2024\/11\/CROS-2-1024x768.jpg 1024w, https:\/\/www.lpsarad.ro\/wp-content\/uploads\/2024\/11\/CROS-2-300x225.jpg 300w, https:\/\/www.lpsarad.ro\/wp-content\/uploads\/2024\/11\/CROS-2-768x576.jpg 768w, https:\/\/www.lpsarad.ro\/wp-content\/uploads\/2024\/11\/CROS-2-1536x1152.jpg 1536w, https:\/\/www.lpsarad.ro\/wp-content\/uploads\/2024\/11\/CROS-2.jpg 2040w\" sizes=\"auto, (max-width: 1024px) 100vw, 1024px\" \/><\/a><\/figure>\n","protected":false},"excerpt":{"rendered":"<p>ONS\u0218 Fotbal U18 \u2013 etapa zonal\u0103 2025-2026 Echipa de fotbal U18, preg\u0103tit\u0103 de prof. Mercea Adela, s-a calificat la faza na\u021bional\u0103 a Olimpiadei Na\u021bionale a Sportului \u0218colar. Felicit\u0103ri echipei \u0219i doamnei profesor! Petrovici Ionatan &#8211; Vicecampion na\u021bional \u0219colar la disciplina &hellip; <a href=\"https:\/\/www.lpsarad.ro\/?page_id=4815\">Continu\u0103 s\u0103 cite\u0219ti <span class=\"meta-nav\">&rarr;<\/span><\/a><\/p>\n","protected":false},"author":1,"featured_media":0,"parent":0,"menu_order":18,"comment_status":"closed","ping_status":"closed","template":"","meta":{"footnotes":""},"class_list":["post-4815","page","type-page","status-publish","hentry"],"_links":{"self":[{"href":"https:\/\/www.lpsarad.ro\/index.php?rest_route=\/wp\/v2\/pages\/4815","targetHints":{"allow":["GET"]}}],"collection":[{"href":"https:\/\/www.lpsarad.ro\/index.php?rest_route=\/wp\/v2\/pages"}],"about":[{"href":"https:\/\/www.lpsarad.ro\/index.php?rest_route=\/wp\/v2\/types\/page"}],"author":[{"embeddable":true,"href":"https:\/\/www.lpsarad.ro\/index.php?rest_route=\/wp\/v2\/users\/1"}],"replies":[{"embeddable":true,"href":"https:\/\/www.lpsarad.ro\/index.php?rest_route=%2Fwp%2Fv2%2Fcomments&post=4815"}],"version-history":[{"count":18,"href":"https:\/\/www.lpsarad.ro\/index.php?rest_route=\/wp\/v2\/pages\/4815\/revisions"}],"predecessor-version":[{"id":5403,"href":"https:\/\/www.lpsarad.ro\/index.php?rest_route=\/wp\/v2\/pages\/4815\/revisions\/5403"}],"wp:attachment":[{"href":"https:\/\/www.lpsarad.ro\/index.php?rest_route=%2Fwp%2Fv2%2Fmedia&parent=4815"}],"curies":[{"name":"wp","href":"https:\/\/api.w.org\/{rel}","templated":true}]}}